. Suppose 0 = f + 4*f + 15, 0 = 4*k - 4*f - 56. Give z(k).
3
Let j(w) = -w - 17. Let b be j(-17). Let p(z) be the second derivative of b - 1/2*z**2 + 1/6*z**3 + 1/3*z**4 - 5*z. Determine p(1).
4
Let p(v) be the second derivative of v**3/6 + 3*v**2 + 8*v. Let a(h) = -h**3 + 8*h**2 - 9*h + 8. Let m be a(7). Give p(m).
0
Let j(p) = -p**2 - 9*p - 1. Let w(k) = -6*k + 3. Let b(c) = -c - 1. Let y(q) = -3*b(q) + w(q). Let o be y(5). Calculate j(o).
-1
Let b(c) = -c - 1. Let z be (-2)/5 + 396/15. Let f = 22 - z. Let q be b(f). Let o(i) = -i**3 + 4*i**2 - 3*i + 4. Calculate o(q).
4
Let p(c) = -8*c - 1. Let u be -1 - (3 + -7 - (-2)/(-2)). Suppose -f = 5*a + 5, -u*f + 3*f = -4*a - 4. Determine p(a).
7
Let j(p) be the second derivative of -p**5/20 + p**4/2 + p**3/6 + 23*p. Let r = -91 - -97. Give j(r).
6
Suppose 0 = 9*g - 2*g - 21. Let m(d) be the third derivative of 0*d - d**2 + 1/60*d**5 + 1/12*d**4 + 2/3*d**g + 0. Determine m(-4).
12
Let l = -2 + 8. Let u(x) = 7*x - 2*x**3 + 122*x**2 - 73*x**2 + 0 - 44*x**2 + 3 + x**3. What is u(l)?
9
Let u = -17 - -9. Let s(v) = 4*v + 19. Let m be s(u). Let h = m - -16. Let j(c) = -c**3 + c**2 + 5*c - 3. Give j(h).
-6
Let g(w) be the second derivative of -w**3/3 + 3*w**2/2 + 33*w. Give g(-8).
19
Let f(c) = c**2 + 7*c - 1. Let v = 393 - 401. Determine f(v).
7
Let h be 3 + -1 - (-3 + 1). Let x be 2*(1 + (-3)/(-6)). Let i(l) = 9 - x*l - 6 + 2*l + 0*l. Give i(h).
-1
Let b(n) = -n - 4. Let j be 2/13 + 1856/104. Suppose -2*u + j = -0*u. Suppose -3*y + u = -6. Calculate b(y).
-9
Let r(t) be the first derivative of -2*t + 24 + 1/2*t**2. What is r(1)?
-1
Let s be (-15)/(-10)*2 + 2. Let p(t) = 8*t - 14*t - 1 - s*t**2 + 5*t. What is p(-1)?
-5
Let f = 450 - 453. Let r(v) = -2*v - 3. Give r(f).
3
Let d(n) = 3*n + 5. Let l = 10 + -14. Let u(p) = 2*p + 6. Let j(b) = l*u(b) + 3*d(b). What is j(11)?
2
Let y(c) be the second derivative of -2*c + 0*c**2 - 3/2*c**3 + 0. Suppose r = 4*s + 7, -3*s + 5*r - 4*r - 6 = 0. Give y(s).
9
Let f(r) be the third derivative of -r**4/24 + r**3/2 + 128*r**2 + 3. What is f(-6)?
9
Let f(i) = i**3 + i**2 + 1. Let h(z) = 3*z**3 + 3*z**2 + z + 2. Let a(b) = 4*f(b) - h(b). Let n be a(0). Let t(u) = -2 - n + 2*u - 2 + u**2. Give t(-5).
9
Let m(p) = 7*p**2 + p + 1. Let a be m(-1). Let v(c) = -7*c + 8. Let t(i) = -i**2 + i + 1. Let q(x) = -t(x) + v(x). What is q(a)?
0
Let n(a) = -4*a**2 + 11*a + 3. Let x(y) = 5*y**2 - 12*y - 2. Let c be ((-18)/8)/(12/(-32)). Let j be -7*2*c/(-21). Let z(f) = j*n(f) + 3*x(f). Give z(5).
21
Let a(o) be the second derivative of 3*o**3/2 - o**2 - o + 100. Calculate a(-2).
-20
Let d(r) = -2*r + 3. Let p(h) = h**3 + 6*h**2 - 2. Let g be p(-6). Let s be ((-1)/2)/(g/4). Suppose -1 = -v + s. Give d(v).
-1
Let y(p) = -7 + p**3 - 792*p - 794*p + 3*p**3 - 5*p**3 + 1588*p + 4*p**2. Give y(4).
1
Let a(s) = 9*s**3 + s**2 - 14*s - 8. Let y(r) = -4*r**3 - r**2 + 7*r + 4. Let g(f) = 3*a(f) + 7*y(f). Determine g(-5).
-6
Let r(p) be the first derivative of p**3/3 + 3*p**2/2 - 3*p + 2. Let q = 6896 + -6899. What is r(q)?
-3
Suppose 9*u - 13*u = -2*r - 4, -4*r = 5*u + 34. Let n(i) = 4*i - 1. What is n(r)?
-25
Let c(m) = 6*m**3 + m**2 - m + 1. Let s be 3/((54/20)/(-9)). Let o = s + 13. Suppose -11 = 3*n + n - 3*z, o*z = n + 14. Give c(n).
7
Let o(h) = h**3 - 4*h**2 - h + 1. Let j = -463 + 467. Calculate o(j).
-3
Let a(f) = -9*f**2 + 4*f + 1. Let y(d) = -3*d**2 + d - 1. Let t(s) = -a(s) + 2*y(s). Determine t(-2).
13
Let k(q) be the third derivative of q**6/120 - 7*q**5/60 - q**4/4 - 13*q**3/6 - 438*q**2. Calculate k(8).
3
Let n = -818 + 801. Let b(c) = c - 7. Give b(n).
-24
Let x(r) = 2*r + 7. Let w = -52 + 54. Suppose -5*o + w*j = 5*j + 18, -50 = 5*o - 5*j. Give x(o).
-5
Let k(b) = 19 - 19 + b. Let r(j) = 16*j**2 + j**3 - 21*j**2 + 5*j + 0 + 2. Let q be r(4). Determine k(q).
6
Let y(r) = -r - 5 + 0 + 2. Let c(h) = 10*h - 144. Let i be c(14). Let q be y(i). Let g(w) = -8*w**2 - 1. Give g(q).
-9
Let w = -24 - -227. Let c(k) = 101*k**2 + 101*k**2 - w*k**2 + 3*k - 2. Calculate c(4).
-6
Let b = -66 - -18. Let f be b/(-9) - (-6)/9. Let a(i) = -i**2 + 7*i + 6. Calculate a(f).
12
Let y(p) be the first derivative of -13*p**3/3 + 1. Suppose 3*s - 1 = -2*a, 12 = -4*s + 4*a - 0*a. What is y(s)?
-13
Let s(l) = -16 - 7*l - l**3 - 5*l**2 - 2*l**2 - 6*l**2 + 13*l + 2*l**2. Calculate s(-12).
56
Let g(h) = -2*h + 449 - 894 + 437 - h**3 + 8*h**2. What is g(6)?
52
Let c(g) = 7*g**3 - 6*g**2 - 25*g + 11. Let u(l) = 11*l**3 - 9*l**2 - 40*l + 17. Let d(t) = 8*c(t) - 5*u(t). Suppose k = -0 + 3. Calculate d(k).
3
Let d(c) be the third derivative of -c**4/24 - c**3/6 + 964*c**2. Let a(o) = 1. Let v(i) = 3*i + 3. Let x(r) = 4*a(r) - v(r). Let p be x(2). Calculate d(p).
4
Let u(p) be the first derivative of 1/3*p**3 - 4*p - 21 + 7/2*p**2. Determine u(-7).
-4
Let v be 1/(2/46) - 2. Let i = -201 - -201. Let r(l) = i*l + v - 22 + 2*l. What is r(1)?
1
Let t be (-6)/(-10)*(-6 - -21). Suppose z - 15 = t. Let o be (1/2)/(2/z). Let b(k) = -k**3 + 5*k**2 + 6*k - 5. Give b(o).
-5
Let g(d) = 26*d + 20. Let p be g(-6). Let u = 138 + p. Let k(i) = 3*i. Determine k(u).
6
Let b(v) = -v**3 - 3*v**2 + 5*v - 2. Let z(c) = -9*c + 59. Let a be z(7). Determine b(a).
-6
Let r(g) be the second derivative of g**4/12 - g**3/3 + 12*g**2 + 3*g + 70. Calculate r(0).
24
Let f(y) = 120*y + 5 + y**2 + y**2 - 3*y**2 - 115*y. Let z(x) = -x**2 - 6*x - 2. Let i be z(-3). Let n be 8/(-4) + 1*i. Give f(n).
5
Let w(i) = i**3 + 5*i**2 + 4*i - 4. Let y(t) = 3*t - 15. Let j be y(4). What is w(j)?
2
Let i be (292/(-8) - 0)*(-4 - 0). Let w(s) = 3*s**2 - 144*s - s**2 + 9*s**3 + 1 + i*s + 0*s**2. Let r = 2 - 3. Give w(r).
-8
Let v be (-84)/(-24) - (10/4 + -1). Let x be -4 + 6 + (-8)/v + -2. Let m(h) = -2*h**2 - 3*h + 5. Calculate m(x).
-15
Let s(d) be the third derivative of d**5/60 - d**4/4 - d**3/2 + 731*d**2. Determine s(9).
24
Let u(k) = -5 - 8 - 7*k + 14. Calculate u(-1).
8
Suppose -r = -v - 7, -2*r - 70 = -7*r - 2*v. Let c(y) = -3*y - r*y**2 + 2 + 13*y**2 + 4*y - y**3 + 1. Calculate c(0).
3
Suppose 3*m = -4*l - 16, m + 3*l + 3 + 9 = 0. Let p(n) = n - 10. Calculate p(m).
-10
Let k(b) = -b + 28. Let p(z) = 10*z**2 + 6*z + 8. Let n be p(-1). Calculate k(n).
16
Let j(w) = -w**2 - 2*w. Suppose 0 = g + 5 - 8. Suppose -59 + 5 = -g*t. Suppose 2 = -5*x - t. Give j(x).
-8
Let b(v) = 1. Let d(o) = -o - 2. Let z(m) = 4*b(m) + 2*d(m). Let k = -221 + 225. Give z(k).
-8
Suppose 11*x - 12 = 8*x. Let m be (4/(-8))/((-1)/10). Let w(z) = -z + 8. Let k(i) = -1. Let s(l) = m*k(l) + w(l). Calculate s(x).
-1
Let z(j) be the third derivative of j**4/12 - 11*j**3/2 + 172*j**2. Determine z(19).
5
Let d(r) = r**3 + 7*r**2 + 5*r + 9. Let o(l) = l**3 - 8*l**2 - 24*l + 34. Let b be o(10). Calculate d(b).
15
Let n(x) = x - 7. Suppose 4*c = 2*c + 8. Suppose 0*o + 12 = c*o + 3*j, -5*j = 20. Give n(o).
-1
Let r(b) = 57*b - 92*b + 59*b. Give r(-1).
-24
Let h(j) be the second derivative of 0*j**2 + 1/12*j**4 - 1/360*j**6 + 0*j**5 - 11/6*j**3 + 0 + 11*j. Let a(p) be the second derivative of h(p). Calculate a(4).
-14
Suppose 0 = -5*w + 5 + 15. Suppose 8 + 8 = w*l. Suppose 3*n + y - 1 = -n, 0 = 4*n + 4*y - l. Let o(k) = -k + 2. Calculate o(n).
2
Let m(d) be the first derivative of -3*d**2/2 - 21*d - 262. What is m(-7)?
0
Suppose -3*k - 1 = k - 3*r, -2*k - 5*r - 7 = 0. Let b(v) = 24*v**2. Give b(k).
24
Let z(k) = -k**3 + 13*k**2 + k - 14. Let h(r) = 35*r - 162. Let l be h(5). What is z(l)?
-1
Let d(a) = 23*a + 10 - 7*a - 18*a. Give d(7).
-4
Let i(f) = f**3 - 4*f**2 + f. Suppose y + 5 = 2*y. Suppose 0 = y*b - 23 + 3. Calculate i(b).
4
Let t = 33 - 28. Let a be ((-15)/6)/t*-6. Let z(c) = -c**3 + 4*c**2 - c + 1. Calculate z(a).
7
Suppose -6*n = -0*n - 96. Suppose 0*v + 2*v + n = 0. Let q(l) = l**2 + 8*l + 9. Calculate q(v).
9
Let r(l) = 287*l - 103*l - 108*l - 74*l + 7. Determine r(-3).
1
Let c(g) = -10 - 4*g + 5 + 5 - 2. Let v be (2 + -1)/((-1)/5). Calculate c(v).
18
Let o(m) be the first derivative of -2*m**3/3 - m**2/2 + m + 1. Let z be (9/72*4)/(3/(18/3)). What is o(z)?
-2
Let j(v) be the first derivative of -2*v**3 + v - 2. Let w(d) = -d**3 - 14*d**2 - 13*d - 17. Let s be w(-13). Let z = s - -18. Calculate j(z).
-5
Let t(i) be the third derivative of -i**4/24 + i**3/3 + 2*i**2 + 23*i. Give t(5).
-3